{"id":482,"date":"2024-02-16T23:34:10","date_gmt":"2024-02-16T22:34:10","guid":{"rendered":"https:\/\/ecolesokandjo.com\/?page_id=482"},"modified":"2024-02-16T23:34:36","modified_gmt":"2024-02-16T22:34:36","slug":"nos-valeurs","status":"publish","type":"page","link":"https:\/\/ecolesokandjo.com\/index.php\/nos-valeurs\/","title":{"rendered":"Nos valeurs"},"content":{"rendered":"[vc_row type=\u00a0\u00bbin_container\u00a0\u00bb full_screen_row_position=\u00a0\u00bbmiddle\u00a0\u00bb column_margin=\u00a0\u00bbdefault\u00a0\u00bb column_direction=\u00a0\u00bbdefault\u00a0\u00bb column_direction_tablet=\u00a0\u00bbdefault\u00a0\u00bb column_direction_phone=\u00a0\u00bbdefault\u00a0\u00bb scene_position=\u00a0\u00bbcenter\u00a0\u00bb text_color=\u00a0\u00bbdark\u00a0\u00bb text_align=\u00a0\u00bbleft\u00a0\u00bb row_border_radius=\u00a0\u00bbnone\u00a0\u00bb row_border_radius_applies=\u00a0\u00bbbg\u00a0\u00bb overflow=\u00a0\u00bbvisible\u00a0\u00bb overlay_strength=\u00a0\u00bb0.3&Prime; gradient_direction=\u00a0\u00bbleft_to_right\u00a0\u00bb shape_divider_position=\u00a0\u00bbbottom\u00a0\u00bb bg_image_animation=\u00a0\u00bbnone\u00a0\u00bb][vc_column column_padding=\u00a0\u00bbno-extra-padding\u00a0\u00bb column_padding_tablet=\u00a0\u00bbinherit\u00a0\u00bb column_padding_phone=\u00a0\u00bbinherit\u00a0\u00bb column_padding_position=\u00a0\u00bball\u00a0\u00bb column_element_direction_desktop=\u00a0\u00bbdefault\u00a0\u00bb column_element_spacing=\u00a0\u00bbdefault\u00a0\u00bb desktop_text_alignment=\u00a0\u00bbdefault\u00a0\u00bb tablet_text_alignment=\u00a0\u00bbdefault\u00a0\u00bb phone_text_alignment=\u00a0\u00bbdefault\u00a0\u00bb background_color_opacity=\u00a0\u00bb1&Prime; background_hover_color_opacity=\u00a0\u00bb1&Prime; column_backdrop_filter=\u00a0\u00bbnone\u00a0\u00bb column_shadow=\u00a0\u00bbnone\u00a0\u00bb column_border_radius=\u00a0\u00bbnone\u00a0\u00bb column_link_target=\u00a0\u00bb_self\u00a0\u00bb column_position=\u00a0\u00bbdefault\u00a0\u00bb gradient_direction=\u00a0\u00bbleft_to_right\u00a0\u00bb overlay_strength=\u00a0\u00bb0.3&Prime; width=\u00a0\u00bb1\/1&Prime; tablet_width_inherit=\u00a0\u00bbdefault\u00a0\u00bb animation_type=\u00a0\u00bbdefault\u00a0\u00bb bg_image_animation=\u00a0\u00bbnone\u00a0\u00bb border_type=\u00a0\u00bbsimple\u00a0\u00bb column_border_width=\u00a0\u00bbnone\u00a0\u00bb column_border_style=\u00a0\u00bbsolid\u00a0\u00bb][vc_column_text]\n<h2><strong>NOS VALEURS<\/strong><\/h2>\n<p class=\"p1\"><span class=\"s1\">\u00c0 Sokandjo, nos valeurs sont le socle sur lequel repose notre mission. Elles guident chacune de nos actions et d\u00e9cisions, et sont le reflet de notre engagement envers la communaut\u00e9 que nous servons. <\/span><\/p>\n<p class=\"p1\"><span class=\"s1\">Voici les principes fondamentaux qui nous animent :<\/span><\/p>\n<p class=\"p1\"><strong><span class=\"s2\">\u00c9quit\u00e9 \u00c9ducative<\/span><\/strong><\/p>\n<p class=\"p1\"><span class=\"s1\">Nous croyons fermement que chaque enfant, quel que soit son milieu d&rsquo;origine, a le droit \u00e0 une \u00e9ducation de qualit\u00e9. L&rsquo;\u00e9quit\u00e9 \u00e9ducative est au c\u0153ur de notre action : nous \u0153uvrons \u00e0 briser les barri\u00e8res qui emp\u00eachent les enfants d&rsquo;acc\u00e9der \u00e0 l&rsquo;\u00e9ducation et \u00e0 cr\u00e9er un environnement d&rsquo;apprentissage inclusif pour tous.<\/span><\/p>\n<p class=\"p1\"><strong><span class=\"s2\">Solidarit\u00e9 Communautaire<\/span><\/strong><\/p>\n<p class=\"p1\"><span class=\"s1\">La force de notre communaut\u00e9 est notre plus grande ressource. Chez Sokandjo, la solidarit\u00e9 n&rsquo;est pas un simple mot, mais une pratique quotidienne. Nous collaborons \u00e9troitement avec les familles, les enseignants et les partenaires locaux pour b\u00e2tir un avenir meilleur pour nos enfants, ensemble.<\/span><\/p>\n<p class=\"p1\"><strong><span class=\"s2\">Int\u00e9grit\u00e9 et Transparence<\/span><\/strong><\/p>\n<p class=\"p1\"><span class=\"s1\">L&rsquo;int\u00e9grit\u00e9 et la transparence sont essentielles dans toutes nos interactions et d\u00e9cisions. Nous nous engageons \u00e0 agir avec honn\u00eatet\u00e9, responsabilit\u00e9 et ouverture, garantissant ainsi la confiance et le respect de nos donateurs, partenaires et de la communaut\u00e9 que nous servons.<\/span><\/p>\n<p class=\"p1\"><strong><span class=\"s2\">Innovation et Adaptabilit\u00e9<\/span><\/strong><\/p>\n<p class=\"p1\"><span class=\"s1\">Le monde \u00e9volue constamment, et l&rsquo;\u00e9ducation doit suivre ce rythme. Nous valorisons l&rsquo;innovation p\u00e9dagogique et l&rsquo;adaptabilit\u00e9, cherchant toujours de nouvelles m\u00e9thodes et approches pour am\u00e9liorer l&rsquo;exp\u00e9rience \u00e9ducative des enfants et r\u00e9pondre efficacement aux d\u00e9fis contemporains.<\/span><\/p>\n<p class=\"p1\"><strong><span class=\"s2\">Respect et Dignit\u00e9<\/span><\/strong><\/p>\n<p class=\"p1\"><span class=\"s1\">Chaque enfant m\u00e9rite d&rsquo;\u00eatre trait\u00e9 avec respect et dignit\u00e9. Cette croyance sous-tend toutes nos actions. Nous nous effor\u00e7ons de cr\u00e9er un environnement o\u00f9 chaque enfant se sent valoris\u00e9, respect\u00e9 et capable de r\u00e9aliser pleinement son potentiel.<\/span><\/p>\n<p class=\"p1\"><strong><span class=\"s2\">Engagement envers la Durabilit\u00e9<\/span><\/strong><\/p>\n<p class=\"p1\"><span class=\"s1\">Nous sommes conscients de notre responsabilit\u00e9 envers les g\u00e9n\u00e9rations futures. Dans toutes nos initiatives, nous veillons \u00e0 promouvoir la durabilit\u00e9 et \u00e0 minimiser notre impact sur l&rsquo;environnement, assurant ainsi un avenir plus vert et plus sain pour nos enfants.<\/span><\/p>\n[\/vc_column_text][\/vc_column][\/vc_row]\n","protected":false},"excerpt":{"rendered":"<p>[vc_row type=\u00a0\u00bbin_container\u00a0\u00bb full_screen_row_position=\u00a0\u00bbmiddle\u00a0\u00bb column_margin=\u00a0\u00bbdefault\u00a0\u00bb column_direction=\u00a0\u00bbdefault\u00a0\u00bb column_direction_tablet=\u00a0\u00bbdefault\u00a0\u00bb column_direction_phone=\u00a0\u00bbdefault\u00a0\u00bb scene_position=\u00a0\u00bbcenter\u00a0\u00bb text_color=\u00a0\u00bbdark\u00a0\u00bb text_align=\u00a0\u00bbleft\u00a0\u00bb row_border_radius=\u00a0\u00bbnone\u00a0\u00bb row_border_radius_applies=\u00a0\u00bbbg\u00a0\u00bb overflow=\u00a0\u00bbvisible\u00a0\u00bb overlay_strength=\u00a0\u00bb0.3&Prime; gradient_direction=\u00a0\u00bbleft_to_right\u00a0\u00bb shape_divider_position=\u00a0\u00bbbottom\u00a0\u00bb bg_image_animation=\u00a0\u00bbnone\u00a0\u00bb][vc_column column_padding=\u00a0\u00bbno-extra-padding\u00a0\u00bb column_padding_tablet=\u00a0\u00bbinherit\u00a0\u00bb column_padding_phone=\u00a0\u00bbinherit\u00a0\u00bb column_padding_position=\u00a0\u00bball\u00a0\u00bb column_element_direction_desktop=\u00a0\u00bbdefault\u00a0\u00bb column_element_spacing=\u00a0\u00bbdefault\u00a0\u00bb desktop_text_alignment=\u00a0\u00bbdefault\u00a0\u00bb tablet_text_alignment=\u00a0\u00bbdefault\u00a0\u00bb phone_text_alignment=\u00a0\u00bbdefault\u00a0\u00bb background_color_opacity=\u00a0\u00bb1&Prime; background_hover_color_opacity=\u00a0\u00bb1&Prime; column_backdrop_filter=\u00a0\u00bbnone\u00a0\u00bb column_shadow=\u00a0\u00bbnone\u00a0\u00bb&#8230;<\/p>\n","protected":false},"author":1,"featured_media":0,"parent":0,"menu_order":0,"comment_status":"closed","ping_status":"closed","template":"","meta":{"footnotes":""},"class_list":["post-482","page","type-page","status-publish"],"_links":{"self":[{"href":"https:\/\/ecolesokandjo.com\/index.php\/wp-json\/wp\/v2\/pages\/482","targetHints":{"allow":["GET"]}}],"collection":[{"href":"https:\/\/ecolesokandjo.com\/index.php\/wp-json\/wp\/v2\/pages"}],"about":[{"href":"https:\/\/ecolesokandjo.com\/index.php\/wp-json\/wp\/v2\/types\/page"}],"author":[{"embeddable":true,"href":"https:\/\/ecolesokandjo.com\/index.php\/wp-json\/wp\/v2\/users\/1"}],"replies":[{"embeddable":true,"href":"https:\/\/ecolesokandjo.com\/index.php\/wp-json\/wp\/v2\/comments?post=482"}],"version-history":[{"count":1,"href":"https:\/\/ecolesokandjo.com\/index.php\/wp-json\/wp\/v2\/pages\/482\/revisions"}],"predecessor-version":[{"id":483,"href":"https:\/\/ecolesokandjo.com\/index.php\/wp-json\/wp\/v2\/pages\/482\/revisions\/483"}],"wp:attachment":[{"href":"https:\/\/ecolesokandjo.com\/index.php\/wp-json\/wp\/v2\/media?parent=482"}],"curies":[{"name":"wp","href":"https:\/\/api.w.org\/{rel}","templated":true}]}}